ainder when 351 is divided by 44?
43
What is the remainder when 2624 is divided by 18?
14
Calculate the remainder when 32 is divided by 19.
13
Calculate the remainder when 3847 is divided by 25.
22
Calculate the remainder when 1115 is divided by 368.
11
What is the remainder when 295 is divided by 27?
25
Calculate the remainder when 27 is divided by 19.
8
What is the remainder when 197 is divided by 17?
10
What is the remainder when 988 is divided by 35?
8
Calculate the remainder when 192 is divided by 113.
79
Calculate the remainder when 2104 is divided by 50.
4
What is the remainder when 32 is divided by 10?
2
Calculate the remainder when 3096 is divided by 62.
58
Calculate the remainder when 5318 is divided by 59.
8
Calculate the remainder when 5729 is divided by 87.
74
What is the remainder when 2667 is divided by 66?
27
Calculate the remainder when 12487 is divided by 15.
7
What is the remainder when 41 is divided by 7?
6
Calculate the remainder when 97 is divided by 95.
2
Calculate the remainder when 113 is divided by 103.
10
What is the remainder when 132 is divided by 32?
4
Calculate the remainder when 309 is divided by 21.
15
Calculate the remainder when 121 is divided by 79.
42
What is the remainder when 6900 is divided by 39?
36
What is the remainder when 209 is divided by 6?
5
What is the remainder when 903 is divided by 76?
67
Calculate the remainder when 1776 is divided by 20.
16
What is the remainder when 518 is divided by 58?
54
Calculate the remainder when 418 is divided by 16.
2
Calculate the remainder when 44 is divided by 8.
4
What is the remainder when 733 is divided by 58?
37
Calculate the remainder when 1024 is divided by 364.
296
Calculate the remainder when 659 is divided by 39.
35
What is the remainder when 29 is divided by 11?
7
What is the remainder when 286 is divided by 107?
72
Calculate the remainder when 1851 is divided by 520.
291
Calculate the remainder when 6401 is divided by 400.
1
Calculate the remainder when 426 is divided by 87.
78
What is the remainder when 311 is divided by 77?
3
What is the remainder when 143 is divided by 36?
35
What is the remainder when 898 is divided by 24?
10
What is the remainder when 2035 is divided by 136?
131
Calculate the remainder when 149 is divided by 63.
23
What is the remainder when 4484 is divided by 3?
2
What is the remainder when 62 is divided by 21?
20
Calculate the remainder when 27263 is divided by 213.
212
Calculate the remainder when 116 is divided by 56.
4
Calculate the remainder when 120 is divided by 61.
59
Calculate the remainder when 964 is divided by 337.
290
What is the remainder when 166 is divided by 82?
2
Calculate the remainder when 1583 is divided by 66.
65
What is the remainder when 373 is divided by 78?
61
Calculate the remainder when 2609 is divided by 10.
9
Calculate the remainder when 60298 is divided by 134.
132
Calculate the remainder when 1314 is divided by 30.
24
Calculate the remainder when 2225 is divided by 222.
5
Calculate the remainder when 1119 is divided by 51.
48
What is the remainder when 131 is divided by 34?
29
What is the remainder when 69 is divided by 20?
9
What is the remainder when 465 is divided by 161?
143
Calculate the remainder when 917 is divided by 52.
33
Calculate the remainder when 250 is divided by 126.
124
What is the remainder when 503 is divided by 32?
23
What is the remainder when 2868 is divided by 115?
108
Calculate the remainder when 1032 is divided by 342.
6
Calculate the remainder when 1044 is divided by 115.
9
Calculate the remainder when 232 is divided by 60.
52
What is the remainder when 67 is divided by 25?
17
Calculate the remainder when 156 is divided by 32.
28
Calculate the remainder when 250 is divided by 149.
101
What is the remainder when 121 is divided by 42?
37
Calculate the remainder when 47 is divided by 47.
0
Calculate the remainder when 322 is divided by 153.
16
Calculate the remainder when 1280 is divided by 184.
176
Calculate the remainder when 313 is divided by 75.
13
What is the remainder when 1751 is divided by 15?
11
Calculate the remainder when 81 is divided by 17.
13
Calculate the remainder when 1301 is divided by 9.
5
Calculate the remainder when 568 is divided by 17.
7
What is the remainder when 7831 is divided by 67?
59
What is the remainder when 937 is divided by 49?
6
What is the remainder when 3731 is divided by 1243?
2
Calculate the remainder when 105 is divided by 33.
6
What is the remainder when 90 is divided by 19?
14
What is the remainder when 49 is divided by 22?
5
Calculate the remainder when 185 is divided by 110.
75
What is the remainder when 246 is divided by 81?
3
What is the remainder when 210 is divided by 53?
51
Calculate the remainder when 161 is divided by 29.
16
Calculate the remainder when 17535 is divided by 137.
136
What is the remainder when 162 is divided by 83?
79
Calculate the remainder when 1759 is divided by 121.
65
Calculate the remainder when 406 is divided by 37.
36
What is the remainder when 1558 is divided by 175?
158
Calculate the remainder when 1973 is divided by 21.
20
What is the remainder when 495 is divided by 165?
0
Calculate the remainder when 403 is divided by 79.
8
Calculate the remainder when 50 is divided by 14.
8
What is the remainder when 269 is divided by 15?
14
Calculate the remainder when 365 is divided by 72.
5
Calculate the remainder when 91 is divided by 21.
7
What is the remainder when 130 is divided by 16?
2
What is the remainder when 332 is divided by 67?
64
Calculate the remainder when 7137 is divided by 12.
9
Calculate the remainder when 5027 is divided by 1671.
14
Calculate the remainder when 204 is divided by 19.
14
What is the remainder when 482 is divided by 168?
146
Calculate the remainder when 773 is divided by 292.
189
Calculate the remainder when 482 is divided by 22.
20
What is the remainder when 487 is divided by 124?
115
What is the remainder when 1773 is divided by 111?
108
What is the remainder when 8940 is divided by 2233?
8
What is the remainder when 818 is divided by 9?
8
Calculate the remainder when 120 is divided by 42.
36
What is the remainder when 197 is divided by 8?
5
Calculate the remainder when 301 is divided by 80.
61
What is the remainder when 236 is divided by 20?
16
What is the remainder when 243 is divided by 35?
33
Calculate the remainder when 49 is divided by 11.
5
What is the remainder when 101 is divided by 17?
16
What is the remainder when 715 is divided by 169?
39
Calculate the remainder when 500 is divided by 165.
5
What is the remainder when 232 is divided by 58?
0
What is the remainder when 5381 is divided by 69?
68
Calculate the remainder when 229 is divided by 37.
7
What is the remainder when 287 is divided by 134?
19
What is the remainder when 1402 is divided by 52?
50
What is the remainder when 5214 is divided by 111?
108
Calculate the remainder when 293 is divided by 182.
111
Calculate the remainder when 150 is divided by 6.
0
What is the remainder when 558 is divided by 53?
28
Calculate the remainder when 333 is divided by 110.
3
What is the remainder when 143 is divided by 74?
69
Calculate the remainder when 13 is divided by 3.
1
What is the remainder when 838 is divided by 20?
18
What is the remainder when 405 is divided by 215?
190
Calculate the remainder when 5146 is divided by 39.
37
Calculate the remainder when 965 is divided by 14.
13
What is the remainder when 16549 is divided by 8?
5
Calculate the remainder when 78 is divided by 8.
6
What is the remainder when 292 is divided by 59?
56
Calculate the remainder when 165 is divided by 36.
21
Calculate the remainder when 224 is divided by 86.
52
Calculate the remainder when 286 is divided by 32.
30
What is the remainder when 1084 is divided by 3?
1
Calculate the remainder when 40 is divided by 11.
7
What is the remainder when 285 is divided by 184?
101
Calculate the remainder when 5650 is divided by 157.
155
What is the remainder when 195 is divided by 8?
3
Calculate the remainder when 2206 is divided by 1093.
20
What is the remainder when 49 is divided by 18?
13
What is the remainder when 115 is divided by 24?
19
What is the remainder when 116 is divided by 31?
23
What is the remainder when 338 is divided by 99?
41
What i